521
In base 12, what is -60 - a465?
-a505
In base 8, what is 2 - 3452?
-3450
In base 12, what is -10 - -1a77?
1a67
In base 8, what is -15601234 + 4?
-15601230
In base 14, what is 10bc6 + -4?
10bc2
In base 9, what is 4 + -165?
-161
In base 16, what is 1 - 26df?
-26de
In base 2, what is -110100 + -100000011001000?
-100000011111100
In base 6, what is -2 - 5145?
-5151
In base 16, what is -7dd - -2?
-7db
In base 7, what is 11 - 15241?
-15230
In base 12, what is -31a4a - -9?
-31a41
In base 3, what is 2 - -10111101002?
10111101011
In base 4, what is 300303 - 2312?
231331
In base 15, what is -86a8 + 27?
-8681
In base 11, what is 166 + -136?
30
In base 16, what is -4e - d4?
-122
In base 12, what is ba + -4a28?
-492a
In base 3, what is -111210211 + 1012?
-111202122
In base 7, what is -1660023 + 4?
-1660016
In base 16, what is e6 + f2?
1d8
In base 7, what is -5 + -56604?
-56612
In base 14, what is -3a96 - -2?
-3a94
In base 9, what is 24 + 280?
314
In base 6, what is -1432 + -55505?
-101341
In base 5, what is 4 - -10341441?
10342000
In base 12, what is -9 + -5753?
-5760
In base 10, what is 0 + 11782?
11782
In base 6, what is -105011 - -11?
-105000
In base 6, what is -405 + 11234?
10425
In base 5, what is -33 + -132044?
-132132
In base 15, what is b111 - -11?
b122
In base 11, what is -30a23 + 8?
-30a16
In base 10, what is 436906 + -2?
436904
In base 5, what is -3000 - 413?
-3413
In base 9, what is 46 + 2245?
2302
In base 13, what is -25 + -3131?
-3156
In base 9, what is -581015 - -3?
-581012
In base 13, what is -32 + 7?
-28
In base 16, what is -1d6 + -6?
-1dc
In base 13, what is 15b4 + -12c?
1485
In base 13, what is 2b09 - 37?
2aa2
In base 15, what is -6e73d - -5?
-6e738
In base 10, what is 6293 - -179?
6472
In base 12, what is -488 - 194?
-660
In base 10, what is 36457 - -12?
36469
In base 8, what is -760 - -1041?
61
In base 14, what is 4 - b9c77?
-b9c73
In base 10, what is -978 - 181?
-1159
In base 7, what is 232652 + -1?
232651
In base 11, what is -3a29 - -125?
-3904
In base 14, what is -d78 - -33?
-d45
In base 10, what is -1654 + 235?
-1419
In base 6, what is -1 + 10054001?
10054000
In base 8, what is 134 + 1564?
1720
In base 15, what is -4cc5 + -4?
-4cc9
In base 10, what is 3958 - -8?
3966
In base 15, what is -8 + -349d?
-34a6
In base 4, what is -1112233 - -232?
-1112001
In base 5, what is 121143131 - 0?
121143131
In base 10, what is 21 + 11327?
11348
In base 11, what is -5570 - 14?
-5584
In base 6, what is -113243 + 0?
-113243
In base 9, what is -81 + -10603?
-10684
In base 12, what is 2 + 57727?
57729
In base 16, what is 218 + -14df?
-12c7
In base 6, what is -3222 - 103?
-3325
In base 9, what is 381337 - -4?
381342
In base 10, what is 2982858 - 0?
2982858
In base 15, what is 17d + 73?
201
In base 8, what is -30600 - -45?
-30533
In base 8, what is 1727 + -12?
1715
In base 16, what is 2 + 14dbaa?
14dbac
In base 11, what is -2 - 3a7352?
-3a7354
In base 15, what is 798 - 3c?
75b
In base 11, what is -1 - 21121?
-21122
In base 8, what is 316243 + 0?
316243
In base 8, what is 217 + -46?
151
In base 16, what is 4 - -411a?
411e
In base 15, what is 1 - -246?
247
In base 14, what is -4d8 - 45d?
-957
In base 15, what is -9 - -16ee2?
16ed8
In base 12, what is -4b - -1a3?
154
In base 14, what is -2701c + -2c?
-2704a
In base 5, what is 123 + 114?
242
In base 14, what is 2 - 11da7a?
-11da78
In base 5, what is 13 + -1004?
-441
In base 9, what is -478106 - -15?
-478081
In base 9, what is -4 - 804217?
-804222
In base 15, what is 4b8 - b58?
-690
In base 2, what is 1001 - -1110000010010?
1110000011011
In base 10, what is 64119 + 15?
64134
In base 9, what is -1055 + 36?
-1018
In base 16, what is 41 - 8e?
-4d
In base 13, what is -13c - 214?
-353
In base 12, what is 1 - 58a2?
-58a1
In base 16, what is 1 + -3e17?
-3e16
In base 9, what is -67255 + -1?
-67256
In base 7, what is -20112 + -3306?
-23421
In base 10, what is 50266 - 3?
50263
In base 6, what is 5514 - -4531?
14445
In base 12, what is -444 + -622?
-a66
In base 8, what is -3027046 - 1?
-3027047
In base 12, what is -a4a34a - 2?
-a4a350
In base 5, what is -1004 + -230321?
-231330
In base 7, what is 6113 - 20?
6063
In base 6, what is -1510 - -442?
-1024
In base 9, what is -1286 - 21?
-1317
In base 15, what is 2b + e83c?
e868
In base 15, what is -5 - -48d79?
48d74
In base 6, what is 20 - 245431?
-245411
In base 2, what is 10000 - 11111110010?
-11111100010
In base 5, what is 1344214 - -23?
1344242
In base 5, what is -33 - 234?
-322
In base 14, what is -502 - 59?
-55b
In base 2, what is 10010100010110010 - 110?
10010100010101100
In base 13, what is 50c6 + 20?
5116
In base 8, what is 3001 + -513?
2266
In base 13, what is c2 + -158?
-66
In base 8, what is -30723 - -6?
-30715
In base 8, what is -3712451 + -3?
-3712454
In base 11, what is -1322a - 28?
-13257
In base 6, what is -3 - 153000?
-153003
In base 2, what is 1101101100111101 + -11?
1101101100111010
In base 11, what is 9070a - 2?
90708
In base 3, what is -100121002 + 22?
-100120210
In base 4, what is 21211312 - 10?
21211302
In base 8, what is 0 - -7732?
7732
In base 15, what is -38 - 468?
-4a1
In base 5, what is 4 + 220331?
220340
In base 9, what is 3414 - 4?
3410
In base 2, what is -1010111 - -1001010011?
111111100
In base 6, what is 1542155 + 2?
1542201
In base 5, what is 3 - -204130?
204133
In base 14, what is 3 + -2aca?
-2ac7
In base 6, what is 5 - 450440?
-450431
In base 12, what is -2 - 548b9?
-548bb
In base 15, what is -767e - 3?
-7682
In base 15, what is 2 + 511ba?
511bc
In base 15, what is 1b + 3e4?
410
In base 12, what is -335 - -37?
-2ba
In base 2, what is 1100011100010111010 + -1?
1100011100010111001
In base 4, what is -132210 - 13?
-132223
In base 14, what is 7c1 + 18ab?
228c
In base 8, what is 46 + 106565?
106633
In base 4, what is 20031311 + -22?
20031223
In base 12, what is 0 - 136aa4?
-136aa4
In base 4, what is -1 - -10123112?
10123111
In base 5, what is 2223 + 201?
2424
In base 16, what is 2 + -892a?
-8928
In base 9, what is 6 - 28243?
-28236
In base 8, what is 274 - 13051?
-12555
In base 16, what is 2 - 7b3c?
-7b3a
In base 12, what is 20937 - -4?
2093b
In base 14, what is -146a4 - -73?
-14631
In base 11, what is 2a - -217?
246
In base 5, what is -14331 + 41?
-14240
In base 14, what is -2 + -9172?
-9174
In base 5, what is -11123 - 14?
-11142
In base 6, what is -3352404 - 5?
-3352413
In base 3, what is 10100021 + 12120?
10112211
In base 7, what is 5 + 114244?
114252
In base 14, what is -550 + 4c?
-502
In base 11, what is -5 + -478a6?
-47900
In base 6, what is -4402112 + -4?
-4402120
In base 10, what is 44382 - -3?
44385
In base 10, what is 1135799 + -2?
1135797
In base 2, what is 100101111 + 10110001111?
11010111110
In base 5, what is -2 - 213014?
-213021
In base 16, what is 635c - 0?
635c
In base 4, what is -221021 - 133?
-221220
In base 16, what is 3 + -eea24?
-eea21
In base 6, what is -421 + 30112?
25251
In base 10, what is -38274 - -13?
-38261
In base 16, what is -84988 - 3?
-8498b
In base 4, what is -3110303021 + -1?
-3110303022
In base 3, what is 1222121111 - -2002?
1222200120
In base 8, what is 37 + 34004?
34043
In base 16, what is -42 - a950?
-a992
In base 13, what is 61a8a - -a?
61a97
In base 2, what is 1 - 10010010010011011110?
-10010010010011011101
In base 2, what is -1111 + 1001110100001111?
1001110100000000
In base 15, what is 14b + 5b?
1a7
In base 8, what is 56 + 115?
173
In base 10, what is -30145 - 215?
-30360
In base 6, what is 3 + 1245213?
1245220
In base 4, what is -2200033 - 3010?
-2203103
In base 7, what is 3 + 22553?
22556
In base 2, what is -11001101001111 - 1100?
-11001101011011
In base 13, what is 57410 + 4?
57414
In base 5, what is -11002 + -212?
-11214
In base 8, what is 1 + 214227?
214230
In base 7, what is 12 - 26360?
-26345
In base 6, what is -1 + -143315?
-143320
In base 16, what is -7 + -f2a?
-f31
In base 14, what is -1dd - 1a?
-219
In base 13, what is -71167 + -16?
-71180
In base 16, what is 5821 - 17?
580a
In base 13, what is 2 - 66?
-64
In base 6, what is -11 + 503411?
503400
In base 6, what is 3512321 + 41?
3512402
In base 4, what is 10102031 + -22?
10102003
In base 9, what is 148527 + 14?
148542
In base 8, what is 2 + 452333?
452335
In base 8, what is 3 + 1315054?
1315057
In base 16, what is -257 - -19?
-23e
In 